 -2*g - 2*g = -j. Calculate the greatest common factor of 8 and g.
4
Let d = -792 + 1104. What is the highest common factor of d and 390?
78
Let d be 493 + (-2 + 3 - 0). Calculate the highest common factor of d and 76.
38
Suppose 80 = 4*k + 4*k. Let z be ((-2)/(-3))/(4/120). Let b = z - 5. What is the highest common factor of b and k?
5
Let b(j) = j**3 - 6*j**2 + 8. Suppose -20 = -l - 3*l. Suppose 4*c = -l*g + 18, 6*g = g - c + 27. Let r be b(g). Calculate the highest common divisor of r and 8.
8
Let i = 485 - -172. What is the greatest common divisor of 9 and i?
9
Suppose -f + o = -0 - 7, -2*f + o = -19. Suppose -44*v + 58*v = 756. What is the greatest common divisor of f and v?
6
Let b be -1*((-3)/(-15) + (-13362)/85). What is the highest common factor of b and 2669?
157
Let b(q) = q**2 + 269. Let y be b(-44). Calculate the highest common divisor of 63 and y.
63
Suppose 5*b - 84 = 76. What is the greatest common factor of b and 80?
16
Suppose 0 = 3*m - 245 - 109. Let b = m + -103. Calculate the greatest common divisor of 255 and b.
15
Suppose 4*x - 4*o = 244, -24*o + 297 = 5*x - 27*o. What is the greatest common divisor of 3 and x?
3
Suppose 35 = 2*c + 2*o - 31, 0 = c + 5*o - 37. Suppose -5*p = -181 - 219. What is the highest common factor of c and p?
16
Suppose -d - 5*k = 3*d - 57, -3*d + 44 = 4*k. Suppose 0 = -5*t + 2*r + 527 - 83, 90 = t - r. Calculate the highest common divisor of t and d.
8
Let x be (-220)/(-33)*(292/2 - 2). Calculate the greatest common divisor of x and 15.
15
Let g = -26 - -25. Let d be ((-105)/(-6) - g)/((-1)/(-6)). Calculate the highest common divisor of 74 and d.
37
Suppose 184*l - 92 = 180*l. What is the greatest common divisor of 14 and l?
1
Let a be 4 + -1 + (-6)/((-12)/(-130)). Let n = a - -116. What is the greatest common divisor of n and 12?
6
Let n = 47 + -33. Let f = 10 + n. Calculate the highest common factor of f and 12.
12
Let k(w) = -9*w - w - 6 + 8*w**2 - w**3 - 26*w**2 - 16*w. Let l be k(-17). Calculate the greatest common divisor of l and 21.
21
Let l(a) = -a**3 + 4*a**2 + 3. Let m be l(4). Let z be (61 + -1)*m/6. Suppose 94*b = -134*b + 8638 + 1622. Calculate the highest common factor of z and b.
15
Let t = 311 - 166. Calculate the highest common factor of t and 5.
5
Let u(l) = -l**2 + 4*l - 9. Let j be u(4). Let w = 20 + j. What is the highest common factor of 11 and w?
11
Suppose 2*s - 6 = -6*y + 2*y, y - 18 = -2*s. Suppose -n + 36 = -2*h, h + 3*h = 3*n - 116. What is the greatest common factor of n and s?
11
Let f = -134 + 190. Let u = 6 + 8. Calculate the highest common factor of f and u.
14
Let h(x) = -2*x**3 + 15*x**2 - 7*x + 16. Let c be h(6). What is the greatest common divisor of c and 738?
82
Suppose 16*t = -3*t + 646. What is the greatest common divisor of 1088 and t?
34
Let n be 1312*(2 - (7 - 6)). What is the greatest common divisor of 32 and n?
32
Let g = 36 - 24. Suppose -16 + g = -r. Suppose -r*u + 2*u = -34. Calculate the greatest common factor of u and 51.
17
Suppose 30 = 3*s - 2*y - 0*y, 0 = 2*s + 4*y - 20. Let b be (51/(-2))/((-5)/s). Suppose 3*i - 4*i + 34 = 0. Calculate the highest common factor of i and b.
17
Suppose 89 = 5*u + 4*k - 42, -k + 4 = 0. Let j = u + -7. Calculate the highest common divisor of j and 40.
8
Suppose 2*i = -0*i + 8. Suppose 0 = 5*u + 5. Let z be 3 - u - 3 - -43. What is the greatest common factor of i and z?
4
Let a(c) = c**2 - 2*c + 42. Let f = 69 + -61. Let s be a(f). Calculate the highest common factor of s and 20.
10
Suppose 3*y + 17 - 140 = -5*n, -4*n + 84 = 2*y. Let x = 52 - y. Calculate the highest common divisor of 128 and x.
16
Suppose -7*l = -3*l + 20, 5*l + 145 = 5*h. Let p(u) = 6*u**2 - u + 3. Let v be p(-3). What is the highest common factor of v and h?
12
Let q(k) = -k**3 - 11*k**2 + 44*k + 39. Let u be q(-17). What is the highest common factor of u and 41?
41
Let x be ((-11)/3)/((-8)/48). Let z be (-3)/(-6) + (-21)/(-2). What is the highest common factor of z and x?
11
Let u be (-344)/(-10)*1 - (-124)/(-310). What is the greatest common factor of u and 748?
34
Let l = -69 + 680. Calculate the greatest common factor of l and 47.
47
Let z be 6/(-3)*2126/(-4). Let a = z + -482. Let x = 834 - a. What is the greatest common factor of 23 and x?
23
Let f(t) = t**2 + 2*t - 1. Let r be f(-3). Suppose -x = r*x - 27. Let i be (-2)/9 + 83/x. What is the highest common divisor of 9 and i?
9
Let k = 12 + 5. Suppose 3 = 5*f - k. Calculate the greatest common factor of f and 6.
2
Suppose -x + 2464 = 5*u - 475, 3*x + 1767 = 3*u. Suppose u = 7*v + 196. What is the greatest common factor of 7 and v?
7
Let r = -15 + 16. Let d be 223 - (3 + -1 + r). Suppose 4*t + d = 8*t. What is the greatest common divisor of t and 22?
11
Suppose 17*z + 3*z - 80 = 0. Calculate the highest common factor of z and 324.
4
Let b(j) = -j**2 - 15*j - 12. Let h be b(-9). What is the greatest common factor of 189 and h?
21
Let y(f) = -f**2 - 15*f + 13. Let u be y(-8). Let n = u - -20. Let x be (n - -1)*(-64)/(-48). What is the greatest common factor of x and 24?
24
Let i be (6*16)/(180/240). What is the greatest common divisor of 32 and i?
32
Suppose -5*g + 484 - 99 = 0. What is the highest common factor of g and 7?
7
Suppose -6*o - 72 = -12*o. Suppose 129 = k + 21. Calculate the highest common factor of k and o.
12
Suppose 103 = -m + 105. Calculate the greatest common factor of 25 and m.
1
Suppose 4*x + 8 + 0 = 0. Let c be x/(-3)*3 - 2. Let h(q) = q**2 + q + 56. Let f be h(c). Calculate the greatest common divisor of f and 14.
14
Suppose 3*m - 33 = 4*x + 435, 0 = -3*x + 9. Suppose -4 = l + 5*s + 25, 4*s = -4. Let c be 6/l + 129/4. What is the highest common factor of c and m?
32
Let b(f) = 6*f + 18. Let h be b(-4). Let m = h - -26. Calculate the highest common factor of 4 and m.
4
Suppose -5*w + w = -440. Suppose 14*y + 5*y - 57 = 0. Suppose -2*d = y*d - w. Calculate the greatest common factor of 176 and d.
22
Suppose 0 = 104*w - 103*w - 7. What is the highest common factor of w and 35?
7
Suppose -4*z + 8 = 0, -11*o + 8*o + 3*z = -1764. What is the highest common divisor of 20 and o?
10
Let g = 1 + 5. Suppose -g = -r - 2*r. Let c be (r + (-33)/3)*-3. Calculate the highest common divisor of c and 3.
3
Suppose -4*t - 3*g = -35 - 19, 0 = -2*t - 2*g + 28. Calculate the highest common factor of t and 258.
6
Let b be (-22)/(-6) - 14/21. Suppose -2*f + 4*m + 12 = -12, 0 = -b*f + 3*m + 48. Let t = f - 16. Calculate the greatest common factor of t and 40.
4
Suppose -1020 = -4*h - 3*b, 0*h - h = 5*b - 255. What is the greatest common divisor of h and 15?
15
Let i(h) = 2*h**2. Let w be i(-6). Suppose 8*q - 2*q = w. What is the greatest common divisor of q and 30?
6
Let x be (-2 + 7 + -36)*2*-4. Calculate the highest common factor of 16 and x.
8
Let z(b) = -b**3 + 15*b**2 + 2*b - 20. Let o be z(15). Let h = 188 - o. Let p be h + 2/((-8)/12). Calculate the greatest common divisor of p and 25.
25
Suppose 5*w + 83 - 473 = 0. Calculate the highest common divisor of w and 390.
78
Suppose -5*y = -3*r + 176, -r + 24 = -3*y - 40. Calculate the greatest common factor of r and 650.
26
Let f = -2409 - -2559. Calculate the greatest common divisor of 250 and f.
50
Let g(q) = -2*q**3 - 4*q**2 - q + 1. Let l be g(-3). Let s be 198*1 + 0/(-1). Calculate the highest common divisor of s and l.
22
Suppose 30 = q + q. Let d(z) = 2*z + 5. Let o be d(0). Let t be o/(-2)*1*-6*1. Calculate the highest common factor of q and t.
15
Let v(b) = 0*b + 1 + 3*b - 5 + 4*b**2. Let l be v(-4). Let j(p) = -2*p**2 + 136*p + 292. Let d be j(70). What is the greatest common factor of d and l?
12
Let k(p) = -87*p + 162. Let w be k(-8). Calculate the highest common factor of w and 132.
66
Suppose -364 = -4*y - 10*y. Let j = 112 - 73. What is the highest common factor of j and y?
13
Let j(z) be the first derivative of z**4/4 + 10*z**3/3 + 11*z**2/2 + 30*z + 15. Let c be j(-9). What is the greatest common divisor of c and 60?
12
Let y(d) = d + 26. Let o(g) = -g - 27. Let h(a) = 5*o(a) + 6*y(a). Let b be h(-8). Calculate the highest common factor of b and 91.
13
Suppose 2*o - 228 = 4*l - 1282, 0 = l - o - 263. Calculate the greatest common divisor of l and 16.
8
Suppose -10 = 5*l + u, 0 = 4*l - 0*u + 4*u + 24. Let t be ((-1)/l)/((-